6*n - 8. Let i = 20 + -8. What is the remainder when k(-9) is divided by i?
10
Let r(x) = 17*x - 26. Let j be r(-6). Let t = j + 187. Calculate the remainder when t is divided by 16.
11
Suppose y + 11 = 23. What is the remainder when 19 is divided by y?
7
Let j be (-4)/(-1) - (-1 + 5). Let m(x) = 35*x**2 + 13 + 4 - 34*x**2. What is the remainder when 65 is divided by m(j)?
14
Let g(r) = 34*r**3 + r - 2. What is the remainder when g(1) is divided by 16?
1
Let m(j) = j**2 - 9*j - 11. Let h be m(9). Calculate the remainder when (-5 + -1)*(-6 + h) is divided by 35.
32
Let l = -476 + 488. Calculate the remainder when 29 is divided by l.
5
Let n(k) = 88*k - 716. What is the remainder when n(10) is divided by 14?
10
Suppose 72 = -1807*m + 1819*m. Suppose 2*o - 3*o = -20. What is the remainder when o is divided by m?
2
Suppose 31*x - 80 = 27*x. Let p be 14/6 + 6/9. Suppose -2*a = -4*w + 34, -w + 4*a - 12 = -p. What is the remainder when x is divided by w?
9
Suppose 7*v = 18 - 4. Suppose 4*c + 4*k - 64 = 0, -5*c + v*k + 37 + 15 = 0. Calculate the remainder when 57 is divided by c.
9
Suppose 0*s = 10*s - 60. What is the remainder when 201 is divided by s?
3
Suppose -15*b + 9 = -81. Calculate the remainder when 681/b - (-3)/6 is divided by (-6)/9*(-138)/4.
22
Let o = 254 + -220. Let d(s) = s**3 + 7*s**2 - 8*s + 7. What is the remainder when o is divided by d(-8)?
6
Suppose -6*q - 39 = -p - q, 0 = -p + 3*q + 33. What is the remainder when 91 is divided by p?
19
Suppose -2*z + 3*g = 0, -8 = -2*z - g + 2*g. Suppose 0 = -z*q + q + 135. Suppose 4*l - q - 13 = 0. Calculate the remainder when 17 is divided by l.
7
Suppose 0 = 92*c - 100*c + 360. Suppose 5 = 2*a - 11. Calculate the remainder when c is divided by a.
5
Let b(l) = l**3 - l**2 - 8. Let q be b(0). Let i = 12 - -21. Let w = q + i. Calculate the remainder when w is divided by 14.
11
Let a(o) = o - 4. Let w be a(0). Let x be (-7)/28 - (-27)/w. What is the remainder when 80 is divided by (-192)/(-7) - (-3)/x?
26
Let v(d) = d**3 + 6*d**2 + 4*d - 12. Let n be v(-5). Let a = n + 0. Let l = a - -30. What is the remainder when 45 is divided by l?
22
Let r(j) = 2*j**2 - 3*j - 2. Let f = -24 + 40. Calculate the remainder when r(-2) is divided by f/32 + 9/2.
2
Suppose 0 = 4*f - 2*c - 6, -c - 2 = -5*f + 4. Suppose h = -i + 5, -h - 4 = f. Let q = 249 - 211. Calculate the remainder when q is divided by i.
8
Let u = 11 - -2. Suppose -4*k - 5 = -u. Suppose -151 = -4*y - q, -y - 3*q = k*y - 120. Calculate the remainder when y is divided by 10.
7
Let t = -226 - -249. What is the remainder when 89 is divided by t?
20
Let r be 4/(-3)*(-4 - -1). Suppose -6*h + r*j + 4 = -2*h, -4*j + 11 = h. Calculate the remainder when h is divided by (3 + 0)/(42/28).
1
Let q = 60 + -34. Suppose 5*o - 395 = -5*t, -4*o + 258 + 61 = 5*t. What is the remainder when o is divided by q?
24
Let n(z) = -2*z**3 + 8*z**2 + 15*z - 58. Let d = -10 - -18. Calculate the remainder when d is divided by n(4).
0
Suppose -255 = -12*q + 309. Calculate the remainder when 62 is divided by q.
15
Calculate the remainder when 17 is divided by (-93)/(-15) - 46/230.
5
Let m(j) = -22*j + 35. Let b = -73 + 66. What is the remainder when m(b) is divided by 8?
5
Suppose -46 = 4*v - 166. Calculate the remainder when 237 is divided by v.
27
Let g = 870 + -839. Calculate the remainder when g is divided by 17.
14
Suppose -5*q + 8 = -7. Suppose 0 = 3*t - 5*t - 2. What is the remainder when ((-8)/4)/(t/2) is divided by q?
1
Let h = -12 - -14. Let f be ((-1)/h)/(3/276). Let n = -32 - f. Calculate the remainder when n is divided by 5.
4
Let u = -64 - -48. Let m(f) = -5*f - 74. Calculate the remainder when 12 is divided by m(u).
0
Let h(k) = k**3 - 2*k**2. Let x be h(3). Suppose -25 = -5*s, 3*f = -4*s + 4 + 4. What is the remainder when 83 is divided by 5 + f + x*3?
27
Let s(c) = 8*c + 1. Let n be s(3). Let z = -20 + n. What is the remainder when z is divided by 2?
1
Suppose -3*n = 4*r - 25, -4*r = n - 2*r - 7. Calculate the remainder when (-8900)/(-120) + 10/12 is divided by n.
9
Let j = -42 - -125. What is the remainder when j is divided by 24?
11
Calculate the remainder when 452*(51/(-12) + 5) is divided by 38.
35
Let d = 1309 + -876. Calculate the remainder when d is divided by 141.
10
Suppose -199*w + 197*w + 136 = 0. Calculate the remainder when w is divided by 19.
11
Let a = 835 - 86. Calculate the remainder when a is divided by 30.
29
Let q(z) be the first derivative of -z**3 + z**2/2 - 5*z - 13. Let u be q(0). Let r(h) = -h**3 - 4*h**2 + 8. Calculate the remainder when r(u) is divided by 7.
5
Let b = -173 + 194. Calculate the remainder when 33 is divided by b.
12
Suppose -t + 23 = 3*j - 25, -2*j = -5*t + 206. Calculate the remainder when 165 is divided by t.
39
Let p(s) = -s**2 - 18*s - 14. Let v be p(-22). Let q = -52 - v. Calculate the remainder when q is divided by 21.
8
Let g = -37 + -5. Let a = -2 - g. Calculate the remainder when 119 is divided by a.
39
Let i(q) = 2*q**2 + 94*q + 143. Calculate the remainder when i(-46) is divided by 21.
9
Suppose -4*y + 20 + 324 = 0. Suppose -5*w + 51 = -2*j - 95, 2*j = 3*w - y. Calculate the remainder when 119 is divided by w.
29
Let f = 50 - 46. Suppose 4*c = -4*g + 4, -3*c - 2*g = -3*g - 7. Suppose -d = -0*d - f*l - 27, -c*l + 34 = 2*d. Calculate the remainder when 34 is divided by d.
15
Let i be (-12)/14*(-7)/2. Suppose i*a = -4*r + 55, -5*a = -0*a - 4*r - 145. What is the remainder when 147 is divided by a?
22
Let f be 192/(-30) + ((-6)/10 - 0). What is the remainder when 110 is divided by (-2 - 2)*f/1?
26
Let o = -24 + 30. Let z be (6/4)/(3/12). Suppose -2*k = -36 - z. What is the remainder when k is divided by o?
3
Calculate the remainder when 90 is divided by (-2 - -9)*((-400)/(-35) + -6).
14
What is the remainder when 444 is divided by (-452)/(-5) + 13 + (-134)/10?
84
Suppose -z + 5*g - 119 + 977 = 0, 0 = 3*z - 5*g - 2534. Suppose -l + z = 4*j, -3*j + 410 = -j + 5*l. What is the remainder when j/(-7)*(-8)/6 is divided by 21?
19
Let w = 213 + 235. What is the remainder when w is divided by 30?
28
Suppose -5*q - 8 + 303 = 0. Suppose -4*h - 5*c + 196 = -127, 249 = 3*h - 3*c. Let n = h - q. Calculate the remainder when n is divided by 12.
11
Suppose 11*m - 14*m + 90 = 0. Calculate the remainder when (-17)/(34/(-168))*28/16 is divided by m.
27
Let n be ((-18)/(-24))/(2/(-8)). Let z be n*((-50)/6 + -1). Let m = z + -20. What is the remainder when 23 is divided by m?
7
Suppose 163 = y + 4*p, y + 631 = 5*y - 5*p. Calculate the remainder when y is divided by 81.
78
Suppose -1333 = 4*r - 8*r - 5*b, -4*r = 3*b - 1323. Calculate the remainder when r is divided by 11.
8
Suppose 5*j = 2*j + 72. Let g = -124 + 127. Suppose -g*l + 285 = 4*f, 0 = -f - 2*l + 16 + 59. What is the remainder when f is divided by j?
21
Let g be (-7)/((-14)/(-8)) + 0. Let s be 1 - (g - 0) - 3. Suppose -s*f + 56 = -54. What is the remainder when f is divided by 14?
13
Suppose 58 = -17*h + 19*h. Suppose 0*w + w = -1. Calculate the remainder when h is divided by ((-9)/15 - w)*25.
9
Let t(c) = c - 1. Let z(r) be the third derivative of -r**4/24 + r**3/3 + 4*r**2. Let j be z(0). What is the remainder when 2 is divided by t(j)?
0
Suppose -17 = 4*m + 7. Let j = m + 38. Suppose 0*o - j = -8*o. What is the remainder when 6 is divided by o?
2
Let f = 2223 + -1788. What is the remainder when f is divided by 47?
12
Suppose 28*o = 32*o - 72. Calculate the remainder when 195 is divided by o.
15
Let k = -115 - -122. Let x = -1 + 5. Suppose -x*u = -u - 57. Calculate the remainder when u is divided by k.
5
What is the remainder when 201 is divided by (387 + -1)*-3*2/(-12)?
8
Let n = -871 - -898. What is the remainder when 130 is divided by n?
22
What is the remainder when (-778)/(-4)*(-1 + -15 + 18) is divided by 39?
38
Let o be (-1 - (3 + 26/(-5)))*-30. What is the remainder when 9/o + (-137)/(-4) is divided by 9?
7
Let h = -19 + 13. Let m(w) = -w - 8. Let b be m(h). What is the remainder when b/(-7) - 5436/(-84) is divided by 11?
10
Suppose -37*s + 32*s + 285 = 0. Calculate the remainder when 280 is divided by s.
52
Let x(m) be the first derivative of m**3/3 + 3*m**2/2 - 3*m - 4. Suppose -s - 2*h + 11 = 0, -4*h + 5 - 1 = 0. What is the remainder when x(-6) is divided b